alse
Let a be 2*1/5 + (-43176)/(-60). Does 9 divide (6/(-4))/((-20)/a)?
True
Let z be 6*9/((-108)/(-8)). Suppose 3*l + 2*r = 57, r = z*l + 4*r - 76. Suppose 0 = -0*g + g + 3*k - 20, -g + l = 2*k. Is 17 a factor of g?
True
Suppose -11*l = -9*l - 40. Suppose 2*o - 2*f - 247 = 291, -5*f = -l. Does 39 divide o?
True
Suppose -2*t + 239 = -49. Let q = t - 83. Is q a multiple of 4?
False
Let v(q) = q + 1. Let h(s) = s**3 + 13*s**2 - s - 14. Let j be h(-13). Let d be v(j). Suppose d = l - 4*l + 39. Does 13 divide l?
True
Let v = 30 + -28. Suppose 0*g + 4 = v*g. Let m(t) = 19*t - 5. Is m(g) a multiple of 16?
False
Suppose 3*o - 32 = -4*w, -16 - 8 = -3*w - 4*o. Is 3 a factor of (-144)/(-6)*(w/3 + -1)?
False
Let h be 2/5 + (-152)/(-20). Suppose -273 = -h*k + 5*k. Is 7 a factor of k?
True
Let d(y) = 12*y + 5. Let a(g) = -13*g - 4. Let v(n) = 3*a(n) + 4*d(n). Let p be v(7). Let u = p - 42. Is u a multiple of 13?
False
Let j be -8 - (-5 - -2*(-12)/(-8)). Is 10 a factor of (-1696)/24*(0 + j/4)?
False
Let j = -1 - -2. Let b(g) = 93*g + 2. Let t be b(2). Suppose -14 - j = -5*d, 0 = -4*p - 4*d + t. Is 17 a factor of p?
False
Let i(o) = -1459*o - 151. Does 11 divide i(-1)?
False
Let p = 217 - -857. Does 23 divide p?
False
Let j be (1/3)/((-2)/(-156)). Suppose b - 16 = -5*x + x, -2*x + j = -4*b. Let c(s) = -s**3 + 5*s**2 + 3*s - 7. Is c(x) a multiple of 4?
True
Does 7 divide (-9424)/(-12) - 16/12?
True
Let k(p) = -2*p - 1. Let g be k(-1). Suppose 6*r + 3*o - 3 = r, r + o = g. Suppose -5*y + 90 + 225 = r. Does 21 divide y?
True
Suppose 31*j - 19676 + 6718 = 0. Does 22 divide j?
True
Let j = 597 + -357. Does 40 divide j?
True
Let a = -73 + 145. Suppose -w + 3*y + a = 0, w + 6*y - 3*y = 72. Is 15 a factor of w?
False
Suppose 3*y = -5*p - 2*y + 4380, 2*y - 4386 = -5*p. Suppose -4*g + 322 = -p. Suppose -2*t - 3*o + 66 + 34 = 0, g = 5*t - 5*o. Is t a multiple of 28?
True
Suppose 2*y - p + 1 = 0, 3*y = -2*y + p - 1. Suppose y = -4*h + 88 + 808. Does 29 divide h?
False
Is -1*3*352/(-3) a multiple of 32?
True
Suppose -4*j + 5*u - 1 = -8, -j - 3*u - 11 = 0. Is 24 a factor of (4 + -76)*(1 + j)?
True
Let d be (-1)/((-15)/50 - 2/(-4)). Is 15*(-2 + (-19)/d) a multiple of 6?
False
Suppose 0 = 2*b + y + 38, -5*b + 0*y = 5*y + 100. Let u(s) = -s**3 - 18*s**2 - 2*s - 12. Is 8 a factor of u(b)?
True
Let q(n) = -6*n**2 - n + 7. Let j(d) = -d**2. Let v(l) = 4*j(l) - q(l). Does 6 divide v(-5)?
False
Let q be 595/68 - 1/(-4). Let f be q/45 + 18/10. Suppose -f*l - 6 = 0, 2*y - 3*l - 37 = -0*y. Is 8 a factor of y?
False
Let d = 8 - 4. Suppose -d - 5 = 3*w. Let k(g) = -g**3 + 5*g**2 + 5*g + 4. Is k(w) a multiple of 18?
False
Let q be (-3)/4 - 3/(-4). Suppose 0 = 3*f - 42 - q. Is 14 a factor of f?
True
Let m(h) = h**3 - 6*h + 1. Is m(3) even?
True
Let n(r) = -r**2 + 11*r - 8. Let h be n(5). Let j = 37 - h. Is 13 a factor of j?
False
Suppose -2513 - 4087 = -11*z. Does 50 divide z?
True
Let g = -93 - -203. Suppose -3*o = -5*y - 12, -15 + 35 = 5*y + 5*o. Suppose -3*k - 2*c + g = y, -3*k = -k - 3*c - 95. Does 10 divide k?
True
Is (-20480)/(-11) - (-42)/231 a multiple of 49?
True
Let q(b) = b**3 - b**2 + b. Let c(v) = v**3 + 11*v**2 + 12*v + 7. Let h(p) = c(p) - 2*q(p). Is 20 a factor of h(13)?
False
Let i be -8*(12/(-8) - -1). Let m = -11 + i. Does 8 divide 14/(-49) + (-65)/m?
False
Suppose -566 = -43*u + 42*u - 2*a, 3*a - 2249 = -4*u. Does 14 divide u?
True
Suppose -3*u - 7*f = -4*f - 2946, 3*u - 2952 = -5*f. Does 89 divide u?
True
Let i be 1348/14 - (-6)/(-21). Suppose h = q + 3*q - 120, -5*h = 4*q - i. Is 11 a factor of q?
False
Let f = 32 + -32. Let b be 2 - (f + (1 - -1)). Suppose b = -2*w + 8, n + 0*n = -4*w + 74. Is n a multiple of 29?
True
Suppose k - 5 = -2. Let l = -3 + k. Suppose h + l*h - 24 = 0. Is h a multiple of 24?
True
Is (14/7 + -1)*131 a multiple of 10?
False
Let w be 10*2 - 3 - 6/(-3). Let r = w - -4. Does 8 divide r?
False
Suppose 60 = 3*z + 5*r, -20 = -z - 0*r + 2*r. Suppose o - z = 12. Does 8 divide o?
True
Let d = 26 - 24. Suppose 0 = -4*f + v + v + 102, d*f - 26 = -4*v. Does 9 divide f?
False
Let h(f) = -96*f + 192. Is h(-11) a multiple of 24?
True
Let t = -39 - -9. Let u be ((-45)/t)/(6/(-8)). Is 12 a factor of 84/u*6/(-9)?
False
Let t = 3 + 3. Let l(w) = -5*w + 30. Let c be l(6). Suppose -2*f + 20 + t = c. Is 5 a factor of f?
False
Does 25 divide (78/(-9) - -8)*-516?
False
Let d = 3771 - 2190. Is d a multiple of 30?
False
Suppose -4*t - 167 = -5*m, -2*t + 115 = 3*m + 3*t. Suppose m = -5*z - 5. Does 7 divide (-232)/(-32) - (-2)/z?
True
Suppose -r + 3*r - 2*m = 9588, 4*r + m - 19186 = 0. Does 47 divide r?
False
Let d be -3*(3 + (-28)/6). Suppose -d*m - 56 = -11. Does 22 divide 44/(-3)*m/6?
True
Suppose 0 = -o - 4*y + 659, -5*o - 858 = -y - 4069. Does 15 divide o?
False
Let l = -41 - -43. Suppose -l*r - 49 + 135 = 0. Is r a multiple of 43?
True
Let m = 34 + -101. Let y = -58 - m. Does 9 divide y?
True
Let g(f) be the first derivative of -f**4/2 + f**3/3 + f**2 + f - 4. Let x be g(-1). Suppose -o + 66 = x*o + 4*p, 5*o - 145 = 5*p. Is o a multiple of 16?
False
Let a(z) = 3*z**2 - 10*z + 20. Suppose -4*k - 5*s + 38 = 0, 0*k - 4*s + 36 = 4*k. Does 14 divide a(k)?
False
Let i = -25 + 31. Let k be 1/i + 55/66. Is 14 a factor of k*(-4 - -3) - -57?
True
Let f(y) be the first derivative of -y**4/4 - y**3/3 + y**2/2 + 5. Let u(x) = 3*x**3 - 9*x**2 + 4*x - 1. Let h(q) = 6*f(q) - u(q). Is h(-2) a multiple of 22?
False
Let x(n) = n. Let p be x(4). Suppose -p*j + 15 - 323 = 0. Let r = 156 + j. Is 21 a factor of r?
False
Suppose 0 = -5*n + 4*p + 1129, 2*n + 0*p - 453 = 3*p. Is 9 a factor of n?
True
Let u(n) = -n**3 - 10*n**2 - 18*n + 17. Let r be u(-8). Does 11 divide (((-4 - -2) + 1)*r)/(-1)?
True
Let g = -49 - -34. Let b be (72/(-10))/(3/g). Suppose b = 2*z - 4*n, 5*z - 3*n + n = 58. Does 10 divide z?
True
Let t(o) = -3*o**2 - o**2 - o**3 + 14 + 2*o + 5*o**2 + 6*o**2. Does 20 divide t(7)?
False
Let p be -3 + ((-3)/1 - (3 + 43)). Let q = 86 + p. Is q a multiple of 9?
False
Let l(t) = -7*t - 18. Let b(k) = -k**3 + k**2 - k + 29. Let p be b(0). Let v = -35 + p. Does 8 divide l(v)?
True
Let a(o) = 58*o**2 + 4*o - 2. Let s = 40 - 39. Is 12 a factor of a(s)?
True
Let x = 12 + -12. Suppose 4*y = -x*y + 8. Is 4 - (-81 - 2) - y a multiple of 25?
False
Let t = 547 - 15. Is 19 a factor of t?
True
Suppose -5*k = -3*a - 51, -3*k + a - 51 = -7*k. Let n(p) = p**2 - 13*p + 18. Let s be n(k). Does 13 divide 4/s + (-726)/(-18)?
False
Let d = 150 + -148. Suppose 5*i = d*y + 381, 58 = 3*i + 2*y - 161. Is i a multiple of 15?
True
Let b be (-4)/(-1*(-3)/(-24)). Let s = -35 + b. Is 9 a factor of -20*17*s/12?
False
Let r = 377 - 292. Is r a multiple of 30?
False
Let k(c) = 2 + 4*c + c**3 - 21 + 3 - 11*c**2. Does 11 divide k(11)?
False
Let c(n) = -12*n + 8. Let q be c(-5). Suppose 9*b - 10*b + q = 0. Does 6 divide b?
False
Suppose 171*m + 4*y - 4568 = 167*m, -4550 = -4*m + 2*y. Is m a multiple of 17?
True
Suppose -8*x + 53 = -3. Let o = x + 37. Does 9 divide o?
False
Suppose 0 = -10*o + 11*o - 81. Suppose 20 = -5*x + 110. Does 20 divide 4/x - (-8082)/o?
True
Let w = 90 - 53. Let u = w + -29. Is u a multiple of 2?
True
Let w(o) = 71*o**3 - o**2 + 2*o - 2. Is w(1) a multiple of 10?
True
Suppose 0 = -r - r + 4. Let m be 6/4 + (-19)/r. Is (33 + 1)/(m - -9) a multiple of 17?
True
Let x(p) = -44*p. Let a be x(-4). Suppose d - a = -3*d. Is d a multiple of 11?
True
Let t = 16 + -12. Suppose -2*m = 5*y - 318, -5*y + 326 - 2 = -t*m. Does 8 divide y?
True
Let y(k) = 2*k**2 - 6*k + 1. Let n be y(3). Is n*(1490/15)/((-2)/(-3)) a multiple of 11?
False
Let j = 17 - 7. Suppose j*l - 6*l = -268. Let q = -29 - l. Is 11 a factor of q?
False
Let r(h) = 341*h**3 - 5*h**2 + 7*h - 5. Is r(1) a multiple of 26?
True
Let v = 660 + -465. Is v a multiple of 3?
True
Let j(h) = -5*h - 2. Let r be j(5). Let z(l) = -l + 15. Let c be z(-18). Let u = r + c. Does 6 divide u?
True
Let y(s) = -29*s - 186. Is y(-33) a multiple of 20?
False
Let f(t) = -t**3 + 10*t**2 - 8*t - 6. Let a be f(6). Let q be -4*(-10)/5*(-3)/(-4). Suppose q*d - a = d. Is d a multiple of 5?
False
Suppose -6*q - 26 = -8*q - 4*j, 2*j + 20 = 2*q. Let d be (1 + (1 - 1))*-3. Let o = q - d. Is 8 a factor of o?
False
Let x(s) = -s**2 - 3*s + 1. Let b be x(4). Let y = b - -